s -1 - -141431324323?
141431324322
In base 9, what is -3 + 2847321?
2847317
In base 13, what is 56 - 282c694?
-282c63b
In base 2, what is -101110 + 1100010111101100011111100?
1100010111101100011001110
In base 14, what is 322cd - -76b?
32a5a
In base 2, what is 1110000000010010101011100 + -1110?
1110000000010010101001110
In base 13, what is 43 + -2b707?
-2b694
In base 11, what is -71a7 - -1816a?
10a73
In base 4, what is -113 - 32012222222?
-32012223001
In base 10, what is 3 + -1909652?
-1909649
In base 5, what is -221402 - 1131011?
-1402413
In base 2, what is -111010101000011 + -10011?
-111010101010110
In base 6, what is 5254 + 1311?
11005
In base 16, what is -e + -d54f3?
-d5501
In base 9, what is 4 + -157140424?
-157140420
In base 15, what is -124c4c7 - 5?
-124c4cc
In base 12, what is 1a384 + -9900?
10684
In base 2, what is -110010101011010010 - 10100000100?
-110010111111010110
In base 16, what is a86a8a + -55?
a86a35
In base 13, what is -6 + 348aca2?
348ac99
In base 2, what is 10100000010100001111000111 - -1010?
10100000010100001111010001
In base 2, what is -10101010111110100101100 + 1?
-10101010111110100101011
In base 16, what is -2dd9ea - -12?
-2dd9d8
In base 14, what is 567a3 + -238?
56569
In base 12, what is 139 - 477aa?
-47671
In base 12, what is 3a5568 + -6?
3a5562
In base 10, what is 310603179 - -2?
310603181
In base 3, what is -1210220 - 122210000?
-201120220
In base 11, what is -3a18 + 1165?
-2863
In base 12, what is aa6 - 23402?
-22518
In base 10, what is -28493708 + 3?
-28493705
In base 7, what is 2234613 - -41?
2234654
In base 3, what is 102111110112011 - -100100?
102111110212111
In base 10, what is 3 + -82573983?
-82573980
In base 14, what is -26c2 + -779?
-305b
In base 4, what is -12121311332 - 310?
-12121312302
In base 8, what is -2 + 2047747?
2047745
In base 10, what is -63 - 122873?
-122936
In base 2, what is 110100 - 10111011101011100010?
-10111011101010101110
In base 14, what is -16 - -3346d8?
3346c2
In base 12, what is -1793b7 + 19?
-17939a
In base 15, what is 3a + 183d0?
1841a
In base 5, what is -3313321302 + 30?
-3313321222
In base 15, what is 155e3d + 13?
155e51
In base 9, what is -6 - 4711140?
-4711146
In base 4, what is -303 - 11301212133?
-11301213102
In base 6, what is 1 + -53545525033?
-53545525032
In base 9, what is 45456151 + 1?
45456152
In base 8, what is -333442 - -53?
-333367
In base 4, what is -11 - -130131133?
130131122
In base 3, what is -10110011002 - -112022102?
-2220211200
In base 6, what is -31012422 + 1?
-31012421
In base 7, what is 11 - -2252230102?
2252230113
In base 15, what is 25d81 + -4d3?
2589d
In base 13, what is -4 + -103103?
-103107
In base 4, what is -1033300 - -23103?
-1010131
In base 2, what is 10110010100001111110000000 + 11?
10110010100001111110000011
In base 8, what is -24575 - 640?
-25435
In base 10, what is 6 + 21146844?
21146850
In base 11, what is 1a06 - 60463?
-59558
In base 12, what is 327252b1 - 4?
327252a9
In base 8, what is 2350 - 10332?
-5762
In base 11, what is -175aa93 - 0?
-175aa93
In base 8, what is 1124606 + -34?
1124552
In base 12, what is -24199 + -103?
-242a0
In base 16, what is 108f9c8 + 3?
108f9cb
In base 11, what is -2a3a + aa73?
8034
In base 9, what is 5 - 412626201?
-412626185
In base 4, what is 10113120 - 322?
10112132
In base 3, what is 10002 + 111012200022?
111012210101
In base 16, what is 2cf8 - -117b?
3e73
In base 7, what is -40 - 44540?
-44610
In base 5, what is -4 + -2122022?
-2122031
In base 16, what is 3 - 145a27?
-145a24
In base 4, what is 1011 + -232220323?
-232213312
In base 13, what is -906 - 435ba?
-441c3
In base 8, what is -6 + -10156623?
-10156631
In base 16, what is 45b - 1512b3?
-150e58
In base 3, what is 1 - 1212102100210212?
-1212102100210211
In base 2, what is -1100000110001110001010 + 100010011?
-1100000110001001110111
In base 14, what is -161 + -114?
-275
In base 16, what is -228 - -28ea2?
28c7a
In base 10, what is -11394 - -5583?
-5811
In base 12, what is 2 - -249517b?
2495181
In base 7, what is 20 + -106322144?
-106322124
In base 12, what is 1a988126a + -5?
1a9881265
In base 9, what is -1 - -176603?
176602
In base 15, what is 44dbe + -2c4?
44aea
In base 11, what is -434345 - 7?
-434351
In base 11, what is 5 + -126a179?
-126a174
In base 6, what is -55 - -11310201?
11310102
In base 9, what is 11114873 + 3?
11114876
In base 13, what is 4100 - -27b?
437b
In base 12, what is -100394b37 - -3?
-100394b34
In base 16, what is 26 + -22bc1?
-22b9b
In base 15, what is 69 + -9948?
-98ce
In base 3, what is 0 - -1120222111102?
1120222111102
In base 4, what is 13333 - 1010100231?
-1010020232
In base 5, what is 0 + -44022332140?
-44022332140
In base 13, what is -513 + -753?
-c66
In base 11, what is 15 - 44aa959?
-44aa944
In base 5, what is 122014 + -31214?
40300
In base 8, what is -16 + -10656307?
-10656325
In base 14, what is 1 - 17c48536?
-17c48535
In base 14, what is -3961d + -74?
-39693
In base 7, what is 224 - -30215325?
30215552
In base 16, what is -36eb + 2b1?
-343a
In base 12, what is -1b - -2b1b1?
2b192
In base 13, what is -5 - -15a71999?
15a71994
In base 12, what is 4 + 1876552?
1876556
In base 6, what is 12203402431 + 1?
12203402432
In base 10, what is -87 + 1194881?
1194794
In base 6, what is -1432423140 + 3?
-1432423133
In base 13, what is 19b306 - -31?
19b337
In base 3, what is 2 - 1221012000120200?
-1221012000120121
In base 7, what is 562453 - -455?
563241
In base 7, what is -10435553120 + 5?
-10435553112
In base 8, what is -5 + 1435153020?
1435153013
In base 12, what is 150589 - 77?
150512
In base 5, what is -12321302 - 224?
-12322031
In base 2, what is -101 - 101110110101011100011101101?
-101110110101011100011110010
In base 13, what is -5 - 236b46?
-236b4b
In base 6, what is 50 - -113423252?
113423342
In base 9, what is -1281864 - -1?
-1281863
In base 3, what is 2 + -10011012210012100?
-10011012210012021
In base 7, what is -341354 - -306?
-341045
In base 9, what is 1 + 2362818?
2362820
In base 13, what is 63b69 + 241?
640aa
In base 16, what is -f66b52 + 4?
-f66b4e
In base 6, what is 2453003 + -225?
2452334
In base 10, what is -2 - -35704208?
35704206
In base 5, what is 1100241 + 1241?
1102032
In base 15, what is -e0b - 398?
-12a4
In base 4, what is 12 - 3322232323?
-3322232311
In base 3, what is -21011201100 - 122002?
-21012100102
In base 2, what is 10110101 + -11110011010001?
-11110000011100
In base 5, what is 314 + 32030?
32344
In base 10, what is 962941008 + 5?
962941013
In base 2, what is -110101000 - -110001000010101?
110000001101101
In base 13, what is -3b8b - -28?
-3b63
In base 4, what is 220313130 + -21201?
220231323
In base 7, what is 406056341 + -6?
406056332
In base 16, what is 292 - -1f84?
2216
In base 15, what is -179e - 2958?
-4207
In base 15, what is -2c17534 - 2?
-2c17536
In base 8, what is 52477324 - 3?
52477321
In base 11, what is 2 - 56777674?
-56777672
In base 3, what is -1 + -1020111210220201?
-1020111210220202
In base 15, what is 6e + -1b1c33?
-1b1bb4
In base 13, what is 1c + b1420?
b143c
In base 13, what is -98055 - -b00?
-97255
In base 15, what is -b155c36 + 3?
-b155c33
In base 7, what is -2445122 + 2636?
-2442153
In base 2, what is -10 - -11001001110110110011111011?
11001001110110110011111001
In base 2, what is -11110111011 - 100110100101?
-1000101100000
In base 5, what is -12444 + 120?
-12324
In base 3, what is -102 - 21111020101202?
-21111020102011
In base 10, what is 6188 - -16158?
22346
In base 3, what is 110201021 - 212002010?
-101100212
In base 2, what is 10000101010011011011010000 - 0?
10000101010011011011010000
In base 9, what is 425842 - -446?
426388
In base 3, what is -1111220021 - -1020200?
-1110122121
In base 15, what is -1ae + -3065?
-3224
In base 6, what is 1 - -105004545330?
105004545331
In base 9, what is 3 + -8688154?
-8688151
In base 9, what is 1326407 - -4?
1326412
In base 6, what is -11 - 524145144?
-524145155
In base 4, what is 30221303011 + -102?
30221302303
In base 14, what is dc97 - 6b1?
d5c6
In base 7, what is -41006 - -34022?
-3654
In base 4, what is -11030110200011 - -2?
-11030110200003
In base 6, what is 35 - -14303210?
14303245
In base 5, what is 10 + -14330333123?
-14330333113
In base 12, what is 409a9393 + 3?
409a9396
In base 9, what is 121 - -20534?
20655
In base 11, what is -33a5